 - 2407. What are the prime factors of p?
2, 151
Let z(u) = 4*u - 26. Let v = 562 - 521. What are the prime factors of z(v)?
2, 3, 23
Let v be 6/12 - (-762)/(-12). Let m(a) = -a**3 + 11*a**2 + 3*a - 6. Let i be m(10). Let y = v + i. What are the prime factors of y?
61
Suppose -2*q - 589 = 2*j - 1551, -2*q + 3*j + 942 = 0. Let p = q - 229. List the prime factors of p.
2, 31
Let q(n) = 33*n**2 - 17*n + 362. List the prime factors of q(-26).
2, 3, 107
List the prime factors of -4 - 111463/(8 - 19).
7, 1447
Suppose z - 13 = 3*t + 18, -12 = -3*z. Let j(m) = -2*m**3 - 10*m**2 + 8*m - 47. List the prime factors of j(t).
23
Let s(v) be the third derivative of 101*v**6/60 - v**5/20 - v**4/12 + v**3/3 - 185*v**2. List the prime factors of s(1).
199
Suppose 4*z = -4*l + 28, 2 = 4*z - 2*l - 2. Suppose -3*y = -j - 858, 1162 - 304 = z*y + j. List the prime factors of y.
2, 11, 13
Let b(s) be the second derivative of 19*s**4/12 - s**3 - 15*s**2/2 + 4*s - 11. What are the prime factors of b(-4)?
313
Let o(f) = -129*f + 5. Let v be o(-3). Suppose -4*i = 4*g - v, 5*g = -32*i + 31*i + 490. List the prime factors of g.
2, 7
Let v = 438 - -246. Let m = 575 + v. List the prime factors of m.
1259
Let n(p) = -70*p - 3. Let g(x) = -2*x**3 + x**2 + x - 1. Let b be g(1). Let s be n(b). Suppose -6*d + s = 1. List the prime factors of d.
11
Let l = 24633 + -14719. What are the prime factors of l?
2, 4957
Suppose 2*r = 3*r + 14. Let d(w) be the second derivative of w**5/20 + 13*w**4/12 - 19*w**3/6 - w**2/2 + 4*w - 7. List the prime factors of d(r).
3, 23
List the prime factors of 14268/2088*-964*(-9)/6.
41, 241
Suppose 84*i + 36*i - 1940726 = 350434. What are the prime factors of i?
61, 313
Let r(v) = -v + 3. Let n be r(-2). Suppose 4*z = 12, z - 80 + 772 = n*m. What are the prime factors of m?
139
Let w = 238 - 234. Suppose 3*r = w*x - 170, -3*x - 14*r + 17*r + 126 = 0. What are the prime factors of x?
2, 11
Suppose -o = -184 - 105. Let f = o - 117. What are the prime factors of f?
2, 43
Suppose 0 = -157*i + 154*i + 3*j + 13260, 2*j = 5*i - 22112. List the prime factors of i.
2, 7, 79
Let v(l) = 3*l**2 + 15*l - 14. Let h be v(-6). Suppose 0 = 4*r - 3*n - 0*n - 66, 0 = -r + h*n + 23. What are the prime factors of r?
3, 5
Let r(q) = -12135*q - 3920. List the prime factors of r(-3).
5, 73, 89
Let v = -6505 + 3106. List the prime factors of v/(-4) + ((-150)/40)/(-15).
2, 5, 17
Let t(d) = -d**3 + 14*d**2 - 11*d + 21. Let o(y) = 3*y**2 + y. Let g be o(-2). Let z be t(g). Suppose 0 = -5*m + 289 + z. List the prime factors of m.
2, 3, 5
Let g = -7989 - -11491. List the prime factors of g.
2, 17, 103
List the prime factors of 822/(((-5)/(-9))/(85/102))*1.
3, 137
Let r(w) = 14*w + 23. Let x be r(6). Let b = 180 - x. List the prime factors of b.
73
Let h(i) = i**2 - 41*i - 1809. List the prime factors of h(-111).
3, 5021
Suppose 48 - 20 = -2*q. Let l(s) = -22*s - 82. List the prime factors of l(q).
2, 113
Let u be ((-24)/4)/((-2)/(-10)). What are the prime factors of ((-2044)/35)/(12/u)?
2, 73
Suppose 0 = -4*k + 4*c - 5*c + 20, 4*k + 3*c = 20. Let d = k + -2. Suppose q = -d*q + 372. List the prime factors of q.
3, 31
Suppose 3*u + 4*p - 93576 = -5068, 6*u = -3*p + 177051. List the prime factors of u.
2, 7, 17, 31
Let d(z) = z + 7. Let s be d(-3). Suppose s*h = 589 - 73. Suppose -b + h = -0*b. What are the prime factors of b?
3, 43
Let x = 149 + -147. List the prime factors of x/6 - (-14910)/90.
2, 83
Let h = -43 + 47. Suppose -n = n - h. Suppose n*b + 3*m = 87, 5*b + 0*b + m - 237 = 0. List the prime factors of b.
2, 3
Suppose -90*h = -124*h + 60826 + 19142. List the prime factors of h.
2, 3, 7
Suppose 20*y + 5*y = -125. What are the prime factors of (0 + -5 + (1213 - y))*1?
1213
Let f(t) be the second derivative of 9*t**5/20 - 5*t**4/12 + 2*t**3/3 - 7*t**2/2 - 32*t. Let a be f(3). Suppose 6 = z - a. What are the prime factors of z?
11, 19
Let w = 990 + -979. Suppose 14*i = w*i - 4*g + 746, 4*i - 988 = -4*g. List the prime factors of i.
2, 11
Let c be 3*((-94)/6 + -1) - 3. Let v = 51 + c. What are the prime factors of 1 + 29 - (-6)/4*v?
3
Let u be 828/(-2)*1*3/(-6). Suppose -17*a = -40*a + u. List the prime factors of a.
3
Let v = -1976 - -4801. List the prime factors of v.
5, 113
Let j(d) = 3*d**2 + 42*d + 12*d**2 - 95*d + 42*d + 3*d**3 + 5. Let p(i) = i**3 + 5*i**2 - 4*i + 2. Let q(s) = -2*j(s) + 7*p(s). List the prime factors of q(-5).
2, 17
Let v(f) be the second derivative of f**5/20 - f**4/4 - f**3/3 - 3*f**2 + 99*f. What are the prime factors of v(8)?
2, 149
Let d(n) = -n**2 - 5*n - 3. Let h be d(-2). Let t(k) = -k + 3*k**2 - 8 + 3*k**2 - 3*k**3 + 2*k**h - 3*k**2. List the prime factors of t(-3).
7
Let l = 391 + -220. Suppose -7*m - l = -668. Suppose -2*a + 23 = -0*w + w, -m = -2*w + a. List the prime factors of w.
3, 11
Let l = -47147 + 74107. List the prime factors of l.
2, 5, 337
Let d(o) = -o**2 - 30*o - 52. Let f be d(-28). Let q(g) = 135*g - 15. List the prime factors of q(f).
3, 5, 7
Let g = 64 + -20. Let l = 43 - g. List the prime factors of (l + -100)/(25/10 + -3).
2, 101
Suppose -21*t = -26*t + 130. Let i = -131 + t. Let z = 114 + i. List the prime factors of z.
3
Suppose 467 = 3*a - 2*c, -a + 3*c + 142 = -23. Let k = 344 + -243. Let z = a - k. List the prime factors of z.
2, 13
Suppose 56 = -17*c + 10*c. List the prime factors of ((-42)/c)/(1/140).
3, 5, 7
Let v = 468 + 322. Suppose -s + v + 322 = -2*i, -i = 4*s - 4448. What are the prime factors of s?
2, 139
Let d(b) = -2206*b**3 - 88*b**2 - 266*b + 1. List the prime factors of d(-3).
71, 839
Let l be (-1)/(3/6*2). Let f be (-2)/l + (-3 - -3777). Suppose 6*r - 22*r = -f. List the prime factors of r.
2, 59
Let y = -99959 - -171865. List the prime factors of y.
2, 157, 229
Let p(h) = -h**3 + 11*h**2 - 3*h - 19. Let c be p(10). Suppose -2*y + c + 315 = 0. What are the prime factors of y?
3, 61
Let f(b) = 9*b**2 + 2*b - 22. Let g = 105 - 96. Suppose g - 34 = 5*k. What are the prime factors of f(k)?
193
Suppose 140 - 143 = u. Let n(d) = 114*d**2 - 8*d - 17. List the prime factors of n(u).
1033
Suppose -1 = -2*a + j, 2*a + j - 1 = -2. Suppose a = -2*s + 4*i - 42, -3*s + 4*i - 2*i - 51 = 0. List the prime factors of (-15)/(-25) + (-126)/s.
3
Let k(o) = -6*o**3 - 3 + 200*o - 8*o**2 + 205*o - 419*o. List the prime factors of k(-3).
3, 43
Suppose -2*y + 23*y - 40*y + 212363 = 0. What are the prime factors of y?
11177
Let p = 77379 + -43013. What are the prime factors of p?
2, 17183
Suppose 2*j - j + 13 = 4*k, -2*k + 17 = 3*j. Suppose 4 = -l + 4*m, -j = -5*m + 7. Suppose -l*g + 5*o = -227, -4*g - o = -3*g - 50. List the prime factors of g.
53
Let j(d) = 16*d**2 + 4*d - 36. Let g(p) = 3*p**2 + p - 7. Let z(x) = 11*g(x) - 2*j(x). List the prime factors of z(-16).
7, 29
Suppose 0 = -13*w + 31*w. Suppose w = -21*i + 18*i + 2178. List the prime factors of i.
2, 3, 11
Suppose 20*j + 3653 + 11907 = 0. Let u = -665 - j. What are the prime factors of u?
113
Let v(z) be the second derivative of -13*z**3/6 + 36*z**2 - 6*z. What are the prime factors of v(-22)?
2, 179
Suppose 78*l + 11155 = 83*l. Suppose 10*d - 7261 = -l. List the prime factors of d.
503
List the prime factors of (-17)/3*(-1094 - (-374)/22).
17, 359
Let a be ((-9)/(-15))/(3/315). Suppose -6*f + 87 + a = 0. Suppose 2*b + f = 113. What are the prime factors of b?
2, 11
Suppose -5*w + 12 - 17 = 0. Suppose -2*v = -4*v - 2*n + 634, 5*n = 3*v - 943. List the prime factors of v/(-16)*(-3 + w).
79
Suppose 46 = 38*f - 106. Suppose 5*g - 5717 = -4*u, 41*u - 39*u - f*g = 2826. What are the prime factors of u?
1423
Let z be 390/(-48) - 2/(-16). Let t(p) = -97*p - 1. Let y(m) = 33*m. Let x(d) = 4*t(d) + 11*y(d). List the prime factors of x(z).
2, 7
Suppose -j + 336 = -15*j. What are the prime factors of 39 - (j/4 - -3)?
2, 3, 7
Let r = -8539 - -9211. What are the prime factors of r?
2, 3, 7
Let o(h) = -21408*h**3 - 3*h**2 - 4*h - 3. What are the prime factors of o(-1)?
2, 7, 11, 139
Suppose 2*g - 2*f - 2 = 0, -2*f = 2*g - g + 14. Let b be (-1)/(-2) - 6/g. Suppose b*h + 46 = 216. List the prime factors of h.
5, 17
Let h be 4/(-10) - (-5628)/20 - -4. Suppose 286*l - 601 = h*l. What are the prime factors of l?
601
Let o(r) = 7*r**2 + 30*r + 12. Let x be o(-9). List the prime facto